-5).
3
Let a(z) = 265 - 131 - 136 + z. Determine a(4).
2
Let c(b) = -b + 19. Let t(y) = -2*y + 41. Let v(o) = 13*c(o) - 6*t(o). Let f = -11 + 4. Calculate v(f).
8
Let w(a) = -3*a**3 + 8*a**2 - 7*a + 12. Let m(b) = 5*b**3 - 15*b**2 + 13*b - 22. Let q(d) = -6*m(d) - 11*w(d). Suppose 7 = 5*p + 2. Give q(p).
4
Suppose h + 75 = 4*w, 4*w - 2*h = 2*h + 60. Let a be w/6*9/5. Let n(u) = -u**3 + 7*u**2 - 7*u - 2. Calculate n(a).
-8
Let q(d) = 3*d**2 - 2*d**2 + 0*d + 9 + 7*d. Suppose 164*f + 921 = -227. Determine q(f).
9
Let v(b) = 5*b - 24. Suppose 3*g - 30 = 3*m, -70 = -4*g - 2*m - 30. Calculate v(g).
26
Let k(d) = -d - 8. Let w = 29 - 105. Let y = w - -71. Determine k(y).
-3
Let g(q) = q**3 - 2*q**2 + q - 3. Suppose -3*v - 3*b + 3 = 0, 0 = b - 4. Let y = 1 + v. Let s be (-7)/y + (-7)/14. Calculate g(s).
9
Let h(i) = i - 19. Let k(a) = a - 17. Let f(n) = -2*h(n) + 3*k(n). What is f(11)?
-2
Let b(u) = -u - 3. Let g be 2/(-6) + (-3 - (-4)/12). Give b(g).
0
Let t(m) be the first derivative of -3*m**2/2 + 3*m - 8. Let a = 19 - 20. Let f be 1 + (a - (-3 - 0)). Give t(f).
-6
Let r(n) = n**2 + 6*n + 6. Let i(q) = 2*q**2 + 18*q + 18. Let d(j) = 3*i(j) - 8*r(j). Give d(-5).
-74
Let m(j) be the second derivative of j**5/60 + j**4/24 - j**3/2 - 5*j**2 - 10*j. Let g(k) be the first derivative of m(k). Give g(-3).
3
Let n(z) = -2*z**2 + 12*z - 12. Suppose -4 - 7 = -a + 2*t, -2*t = 6. What is n(a)?
-2
Let r(f) be the third derivative of f**5/60 + 3*f**4/8 - 3*f**3/2 - 90*f**2. What is r(-9)?
-9
Let x(h) be the first derivative of -5*h**3/3 + h**2 + 72. Calculate x(2).
-16
Let v be 4/10 + 140/25. Suppose 7*h = v*h. Let t(m) = m - 5. Determine t(h).
-5
Let s(a) = -a**3 - 3*a**2 + 3*a + 2. Let i be (-3 - 2) + (-4 - -5). What is s(i)?
6
Let z be (12/10)/((-4)/680*-2). Let u = 6 - 4. Let q(s) = 106 + s - z - u*s - s**2. Give q(3).
-8
Let c(h) = h**3 + 4*h**2 + 1. Suppose -2*a = 4 + 4. Let y be c(a). Let z be y*(-3)/(-2 - -5). Let i(n) = 15*n**3 - 2*n**2 - 2*n - 1. What is i(z)?
-16
Let k be (-82)/8 - 2/(-8). Let m(l) = l + 7 - 27 + 13 + 11. Give m(k).
-6
Let j(t) = -1 + t - 4*t + 4. Let u(q) = -3*q + 2. Let i be u(2). Let a be 2 - (3 + 1)/i. Give j(a).
-6
Let u(i) = -i**3 + 7*i**2 - i. Suppose 41*w = 43*w - 4. Suppose -o = w*v - 10 - 9, -5*v - 5*o = -60. Determine u(v).
-7
Let b(p) be the third derivative of p**5/60 + 5*p**4/24 - 5*p**3/6 - 2*p**2. Suppose j = r - 10, -4*j + 5*r + 60 = 104. What is b(j)?
1
Suppose -4*o + 13 + 3 = 0. Let n be (-6)/(-24) + 7/o. Let g be 1/n + (-126)/(-28). Let y(h) = -h**3 + 4*h**2 + 5*h + 5. Calculate y(g).
5
Let c(r) = r**2 - 42*r + 410. Let j be c(15). Let u(i) = -i**3 + 7*i**2 - 15*i + 15. Determine u(j).
-10
Let n(j) = 64*j - 32*j - 11 - 31*j. Give n(7).
-4
Let x(d) be the third derivative of -1/120*d**6 + 1/6*d**3 - 1/12*d**4 + 0*d + 0 + 1/20*d**5 - 10*d**2. Give x(2).
1
Let z(g) = 10*g - 282 + 125 + 111 + 96. What is z(-6)?
-10
Let r(l) = l**2 - 2*l. Suppose -4*j - 7*i = -2*i + 74, -2*i + 67 = -3*j. Let p = -17 - j. Suppose -3*m + 5 = -p. What is r(m)?
3
Let r(b) = 2*b - 4. Let a(j) = -8*j + 10. Let s(c) = 2*a(c) + 7*r(c). Suppose w = -w - 12. What is s(w)?
4
Let z(x) = -x**3 - 45*x - 40*x - 44*x + 2 - 9 - 5*x**2 + 134*x. Determine z(-6).
-1
Let k(h) be the third derivative of -7*h**4/24 - 35*h**3/3 - 206*h**2. Calculate k(-10).
0
Let y be (-132)/34 - 34/289. Let f be (6/y)/((-9)/24). Let k(j) = -j**3 + 6*j**2 - 5*j - 4. What is k(f)?
8
Let c(k) = 10*k + 3. Let x(y) = -19*y - 4. Let a(u) = 7*c(u) + 4*x(u). Calculate a(2).
-7
Let u(f) be the second derivative of f**4/12 + 2*f**3/3 + f**2/2 - f - 24. What is u(-5)?
6
Let m(g) = -g**3 - 2*g**2 + 2*g - 4. Let i be m(-3). Let x(r) be the first derivative of 14*r**3/3 + r**2/2 - 64. Give x(i).
13
Suppose 0 = 5*y - 3*u - 109 - 8, -51 = -3*y - 3*u. Let v(o) = -o + 15. Give v(y).
-6
Let v(r) = r - 16. Let j = -806 + 818. Determine v(j).
-4
Let k(o) = o. Suppose 5*i - 30 = -3*y, 0 = -4*i + i + 3*y - 6. Let c(u) = -3*u + 1. Let g(t) = i*c(t) + 8*k(t). Give g(3).
0
Let n(f) = -f + 7. Let s be -2 - 1 - (-8)/2. Let b be (15/(-9))/(2/(-6)). Let v = b + s. What is n(v)?
1
Let u(r) = -32*r**3 + 2*r + 1. Let k be (-6)/8 - 15/60. What is u(k)?
31
Let m(b) = 19*b**2 + 5*b + 12. Let y(j) = 22*j**2 + 4*j + 13. Let x(w) = -7*m(w) + 6*y(w). What is x(-8)?
18
Let g(r) = 2*r - 15. Suppose 0 = -l, 0 = -s - 3*l + 9 - 7. Calculate g(s).
-11
Let f be (-176)/(-77) - (-2)/(-7). Let y(s) = f - s + 1 - 4. Let b(c) = 8*c + 5. Let k(o) = -b(o) - 4*y(o). Give k(2).
-9
Let n(v) = -15*v. Let o be 2 - ((-42)/(-36) - (-1)/(-6)). Determine n(o).
-15
Let c = -133 - -118. Let v(a) = -a**3 - 14*a**2 + 19*a + 22. Calculate v(c).
-38
Let h(a) = -a**3 - 9*a**2 + 4*a - 2. Let i = -828 - -818. What is h(i)?
58
Let w(f) = -8*f + 8. Let c(d) = -d**2 - 4*d + 14. Let l be c(-8). Let r(a) = a - 1. Let v(p) = l*r(p) - 2*w(p). Calculate v(2).
-2
Let n be (-33)/21 - (-9)/(126/8). Let v be ((-9)/(-11) - 12/(-66))*n. Let q(x) = -6*x**3 - 1. Calculate q(v).
5
Let m = -17 + 19. Suppose -2 = -i + m*i - 2*y, 3*y + 36 = -5*i. Let p(w) = -w - 1. What is p(i)?
5
Let k(r) = r**2 + 6*r + 6. Let a be k(-4). Let s(j) = -49*j**2 - 50*j - 92. Let h(q) = -12*q**2 - 12*q - 22. Let i(x) = 25*h(x) - 6*s(x). Calculate i(a).
-22
Let q(u) = -u. Let k(c) = 5*c - 1. Suppose 2*t - 3*v + 18 = 0, 2*t = v - 2*v - 10. Let w(p) = t*q(p) - k(p). Determine w(-3).
-2
Let r(m) = 4*m**2 + 57601 - 57599 + m**3 + m + m. Let o = 4 - 8. Give r(o).
-6
Let g(k) = k**2 + 5*k**2 - k**3 - 7*k + 5 + 0*k**2 + 5*k. Let q = -16 - -22. Determine g(q).
-7
Let a(o) = 0*o**2 - 5*o**2 - 7*o**2 + 439 - 436 + 10*o**2 - o. Determine a(0).
3
Let k(a) be the second derivative of -1/20*a**5 + 5/2*a**2 - 7/12*a**4 + 0 + 1/6*a**3 - 6*a. Determine k(-7).
-2
Let v(s) be the second derivative of -s**4/12 - 17*s**3/6 - 10*s**2 + 61*s. What is v(-15)?
10
Let d(q) = -q**2 - 2*q - 1. Suppose -2*i + 0*m = 4*m + 6, -2*i = 5*m + 5. What is d(i)?
-16
Suppose -8 = -2*u + 3*p, 2*p - 4*p = 5*u - 20. Let w(n) = -u + 2*n**2 - 1 - 2*n**2 - n**2 + 7*n. Determine w(5).
5
Let c be (7/5)/(7/35). Let l(p) be the third derivative of p**6/720 - p**5/10 - 7*p**4/24 - 12*p**2. Let s(j) be the second derivative of l(j). Calculate s(c).
-5
Let k = -260 - -257. Let r(g) be the second derivative of 0 + 0*g**2 + 1/2*g**3 + 1/12*g**4 + 2*g. What is r(k)?
0
Let x(m) be the third derivative of -m**8/6720 - m**7/315 - m**6/120 + m**5/40 + 3*m**4/8 - 10*m**2. Let d(l) be the second derivative of x(l). What is d(-7)?
-4
Let l(m) = 20*m**3 + 1. Suppose 25 = 43*g - 68*g. Calculate l(g).
-19
Let p(b) = -b**3 - 7*b**2 - 5. Let c = 17 - 24. What is p(c)?
-5
Suppose n - 4*b + 16 = 5*n, -5*b - 20 = 0. Let r be (-16 - n)*(-1)/2. Let f be 2/r + (-52)/24. Let y(p) = -2*p**3 + 2*p. Give y(f).
12
Let d(x) = x**2 - 2. Let q(t) = -t**3 - 5*t**2 - 4*t - 2. Let w be q(-3). Let j be w*(2 - 10/8). Let r be ((-4)/6)/2*j. What is d(r)?
2
Let n(r) = -2*r**3 + 13*r**2 - 9*r + 17. Let d be n(6). Let v(t) = -5*t**2 + 3*t + 1. Give v(d).
-7
Let o(a) = -a + 1. Let q be 22/14 - (-24)/(-42). Let x be 1 - (-9 + q + 2). What is o(x)?
-6
Suppose 0 = -z - 2*d - 9, -5*z = d + 27. Let x(b) = 0*b - 3*b + 2*b + 2 - b. Determine x(z).
12
Let p(j) = j**3 + 8*j**2 + j - 3. Let z(q) = -q**3 - q**2 + q - 1. Let d be z(-2). Let i be -4 - (-1 + 4 + d). Give p(i).
-11
Let n(u) = -u**2 + 1. Suppose 5*y = -5, -y - 2 = -3*v - 1. Suppose 0 = -v*w - 3*w + 9. Let i = w + -3. Calculate n(i).
1
Let a(q) = q**3 + 8*q**2 + 7*q - 6. Let n be a(-7). Let d(u) = -22*u + 7*u - 7 - u**2 + 2*u + 8*u. Calculate d(n).
-13
Let w(m) = m**2 - 6*m + 1. Let y(b) = -4*b + 1. Let g(o) = -9*o + 2. Let r(d) = 3*g(d) - 7*y(d). Let u be r(8). What is w(u)?
8
Let q(d) = 20*d**3 + 80*d**2 - 79*d + 52. Let k(t) = 7*t**3 + 27*t**2 - 28*t + 17. Let a(p) = -17*k(p) + 6*q(p). What is a(-21)?
-19
Let r(u) = -5*u**3 + 8*u - 5 + 0*u**3 + 5*u**2 + 4*u**3. Let s = 82 + -76. What is r(s)?
7
Let n = 212 - 146. Let l = 96 - n. Suppose -4*i = -5*c + l, -2*i - 19 + 1 = -3*c. Let r(w) = w**2 - 8*w + 7. Calculate r(c).
-5
Let p = -276 - -278. Let r(j) = j**2 + 1. What is r(p)?
5
Let s(n) = 3*n + 3. Let f = 2462 + -2463. Give s(f).
0
Let x(u) = 4*u**2 - 6*u - 2. Let v(g) = -3*g**2 + 3*g + 1. Let m(j) = 5*v(j) + 3*x(j). Giv